{"id":4,"date":"2020-12-03T12:29:39","date_gmt":"2020-12-03T12:29:39","guid":{"rendered":"http:\/\/www.pudel.me\/?page_id=2"},"modified":"2021-04-21T11:04:25","modified_gmt":"2021-04-21T11:04:25","slug":"sample-page","status":"publish","type":"page","link":"http:\/\/www.pudel.me\/","title":{"rendered":"Domov"},"content":{"rendered":"\t\t<div data-elementor-type=\"wp-page\" data-elementor-id=\"4\" class=\"elementor elementor-4\" data-elementor-settings=\"[]\">\n\t\t\t\t\t\t<div class=\"elementor-inner\">\n\t\t\t\t\t\t\t<div class=\"elementor-section-wrap\">\n\t\t\t\t\t\t\t<section class=\"elementor-section elementor-top-section elementor-element elementor-element-d361d63 elementor-section-boxed elementor-section-height-default elementor-section-height-default\" data-id=\"d361d63\" data-element_type=\"section\">\n\t\t\t\t\t\t<div class=\"elementor-container elementor-column-gap-default\">\n\t\t\t\t\t\t\t<div class=\"elementor-row\">\n\t\t\t\t\t<div class=\"elementor-column elementor-col-100 elementor-top-column elementor-element elementor-element-befc63f\" data-id=\"befc63f\" data-element_type=\"column\">\n\t\t\t<div class=\"elementor-column-wrap elementor-element-populated\">\n\t\t\t\t\t\t\t<div class=\"elementor-widget-wrap\">\n\t\t\t\t\t\t<div class=\"elementor-element elementor-element-f5fb2fb elementor-widget elementor-widget-html\" data-id=\"f5fb2fb\" data-element_type=\"widget\" data-widget_type=\"html.default\">\n\t\t\t\t<div class=\"elementor-widget-container\">\n\t\t\t\t\t<div data-elementor-type=\"wp-post\" data-elementor-id=\"12\" class=\"elementor elementor-12\" data-elementor-settings=\"[]\">\n\t\t\t\t\t\t<div class=\"elementor-inner\">\n\t\t\t\t\t\t\t<div class=\"elementor-section-wrap\">\n\t\t\t\t\t\t\t<section class=\"elementor-section elementor-top-section elementor-element elementor-element-3e2e264 elementor-section-full_width elementor-section-height-min-height elementor-section-height-default elementor-section-items-middle\" data-id=\"3e2e264\" data-element_type=\"section\" data-settings=\"{&quot;background_background&quot;:&quot;slideshow&quot;,&quot;background_slideshow_gallery&quot;:[{&quot;id&quot;:13,&quot;url&quot;:&quot;http:\\\/\\\/www.pudel.me\\\/wp-content\\\/uploads\\\/2020\\\/12\\\/Exterier_01-scaled.jpg&quot;},{&quot;id&quot;:561,&quot;url&quot;:&quot;http:\\\/\\\/www.pudel.me\\\/wp-content\\\/uploads\\\/2021\\\/03\\\/Untitled-1-scaled.jpg&quot;},{&quot;id&quot;:562,&quot;url&quot;:&quot;http:\\\/\\\/www.pudel.me\\\/wp-content\\\/uploads\\\/2021\\\/03\\\/rozsutec-scaled.jpg&quot;}],&quot;background_slideshow_loop&quot;:&quot;yes&quot;,&quot;background_slideshow_slide_duration&quot;:5000,&quot;background_slideshow_slide_transition&quot;:&quot;fade&quot;,&quot;background_slideshow_transition_duration&quot;:500}\">\n\t\t\t\t\t\t<div class=\"elementor-container elementor-column-gap-default\">\n\t\t\t\t\t\t\t<div class=\"elementor-row\">\n\t\t\t\t\t<div class=\"elementor-column elementor-col-50 elementor-top-column elementor-element elementor-element-d0b1731\" data-id=\"d0b1731\" data-element_type=\"column\">\n\t\t\t<div class=\"elementor-column-wrap elementor-element-populated\">\n\t\t\t\t\t\t\t<div class=\"elementor-widget-wrap\">\n\t\t\t\t\t\t<div class=\"elementor-element elementor-element-d09c284 elementor-widget elementor-widget-text-editor\" data-id=\"d09c284\" data-element_type=\"widget\" data-widget_type=\"text-editor.default\">\n\t\t\t\t<div class=\"elementor-widget-container\">\n\t\t\t\t\t<div class=\"elementor-text-editor elementor-clearfix\"><\/div>\n\t\t\t\t<\/div>\n\t\t\t\t<\/div>\n\t\t\t\t\t\t<\/div>\n\t\t\t\t\t<\/div>\n\t\t<\/div>\n\t\t\t\t<div class=\"elementor-column elementor-col-50 elementor-top-column elementor-element elementor-element-2a13af5\" data-id=\"2a13af5\" data-element_type=\"column\">\n\t\t\t<div class=\"elementor-column-wrap elementor-element-populated\">\n\t\t\t\t\t\t\t<div class=\"elementor-widget-wrap\">\n\t\t\t\t\t\t<div class=\"elementor-element elementor-element-e494688 elementor-widget elementor-widget-text-editor\" data-id=\"e494688\" data-element_type=\"widget\" data-widget_type=\"text-editor.default\">\n\t\t\t\t<div class=\"elementor-widget-container\">\n\t\t\t\t\t<div class=\"elementor-text-editor elementor-clearfix\"><\/div>\n\t\t\t\t<\/div>\n\t\t\t\t<\/div>\n\t\t\t\t\t\t<\/div>\n\t\t\t\t\t<\/div>\n\t\t<\/div>\n\t\t\t\t\t\t\t\t<\/div>\n\t\t\t\t\t<\/div>\n\t\t<\/section>\n\t\t\t\t\t\t<\/div>\n\t\t\t\t\t\t<\/div>\n\t\t\t\t\t<\/div>\n\t\t\t\t<\/div>\n\t\t\t\t<\/div>\n\t\t\t\t\t\t<\/div>\n\t\t\t\t\t<\/div>\n\t\t<\/div>\n\t\t\t\t\t\t\t\t<\/div>\n\t\t\t\t\t<\/div>\n\t\t<\/section>\n\t\t\t\t<section class=\"elementor-section elementor-top-section elementor-element elementor-element-2d9fd32 elementor-section-boxed elementor-section-height-default elementor-section-height-default\" data-id=\"2d9fd32\" data-element_type=\"section\">\n\t\t\t\t\t\t<div class=\"elementor-container elementor-column-gap-default\">\n\t\t\t\t\t\t\t<div class=\"elementor-row\">\n\t\t\t\t\t<div class=\"elementor-column elementor-col-100 elementor-top-column elementor-element elementor-element-6efc372\" data-id=\"6efc372\" data-element_type=\"column\">\n\t\t\t<div class=\"elementor-column-wrap elementor-element-populated\">\n\t\t\t\t\t\t\t<div class=\"elementor-widget-wrap\">\n\t\t\t\t\t\t<div class=\"elementor-element elementor-element-77adbad elementor-widget elementor-widget-text-editor\" data-id=\"77adbad\" data-element_type=\"widget\" data-widget_type=\"text-editor.default\">\n\t\t\t\t<div class=\"elementor-widget-container\">\n\t\t\t\t\t<div class=\"elementor-text-editor elementor-clearfix\"><p>Dom horskej slu\u017eby sa nach\u00e1dza vo Vr\u00e1tnej doline. Dobrovo\u013en\u00ed horsk\u00ed z\u00e1chran\u00e1ri tu pon\u00fakaj\u00fa ubytovanie pre milovn\u00edkov h\u00f4r, turistov \u010di rodiny s de\u0165mi.<br \/>K dispoz\u00edcii s\u00fa \u0161tyri typy izieb so spolo\u010dn\u00fdmi soci\u00e1lnymi zariadeniami, nach\u00e1dzaj\u00facimi sa na chodbe, a dvomi kuchy\u0148ami. Parkovanie pre ubytovan\u00fdch host\u00ed je v are\u00e1li Domu HS zadarmo. <\/p><\/div>\n\t\t\t\t<\/div>\n\t\t\t\t<\/div>\n\t\t\t\t\t\t<\/div>\n\t\t\t\t\t<\/div>\n\t\t<\/div>\n\t\t\t\t\t\t\t\t<\/div>\n\t\t\t\t\t<\/div>\n\t\t<\/section>\n\t\t\t\t<section class=\"elementor-section elementor-top-section elementor-element elementor-element-8eff3a6 elementor-section-boxed elementor-section-height-default elementor-section-height-default\" data-id=\"8eff3a6\" data-element_type=\"section\">\n\t\t\t\t\t\t<div class=\"elementor-container elementor-column-gap-default\">\n\t\t\t\t\t\t\t<div class=\"elementor-row\">\n\t\t\t\t\t<div class=\"elementor-column elementor-col-100 elementor-top-column elementor-element elementor-element-07cc253\" data-id=\"07cc253\" data-element_type=\"column\">\n\t\t\t<div class=\"elementor-column-wrap elementor-element-populated\">\n\t\t\t\t\t\t\t<div class=\"elementor-widget-wrap\">\n\t\t\t\t\t\t<div class=\"elementor-element elementor-element-63b2bfd elementor-widget-divider--view-line elementor-widget elementor-widget-divider\" data-id=\"63b2bfd\" data-element_type=\"widget\" data-widget_type=\"divider.default\">\n\t\t\t\t<div class=\"elementor-widget-container\">\n\t\t\t\t\t<div class=\"elementor-divider\">\n\t\t\t<span class=\"elementor-divider-separator\">\n\t\t\t\t\t\t<\/span>\n\t\t<\/div>\n\t\t\t\t<\/div>\n\t\t\t\t<\/div>\n\t\t\t\t\t\t<\/div>\n\t\t\t\t\t<\/div>\n\t\t<\/div>\n\t\t\t\t\t\t\t\t<\/div>\n\t\t\t\t\t<\/div>\n\t\t<\/section>\n\t\t\t\t<section class=\"elementor-section elementor-top-section elementor-element elementor-element-2cd7f59 elementor-section-boxed elementor-section-height-default elementor-section-height-default\" data-id=\"2cd7f59\" data-element_type=\"section\">\n\t\t\t\t\t\t<div class=\"elementor-container elementor-column-gap-default\">\n\t\t\t\t\t\t\t<div class=\"elementor-row\">\n\t\t\t\t\t<div class=\"elementor-column elementor-col-100 elementor-top-column elementor-element elementor-element-a988f20\" data-id=\"a988f20\" data-element_type=\"column\">\n\t\t\t<div class=\"elementor-column-wrap elementor-element-populated\">\n\t\t\t\t\t\t\t<div class=\"elementor-widget-wrap\">\n\t\t\t\t\t\t<div class=\"elementor-element elementor-element-0593c30 elementor-widget elementor-widget-heading\" data-id=\"0593c30\" data-element_type=\"widget\" data-widget_type=\"heading.default\">\n\t\t\t\t<div class=\"elementor-widget-container\">\n\t\t\t<h3 class=\"elementor-heading-title elementor-size-default\">IZBY<\/h3>\t\t<\/div>\n\t\t\t\t<\/div>\n\t\t\t\t\t\t<\/div>\n\t\t\t\t\t<\/div>\n\t\t<\/div>\n\t\t\t\t\t\t\t\t<\/div>\n\t\t\t\t\t<\/div>\n\t\t<\/section>\n\t\t\t\t<section class=\"elementor-section elementor-top-section elementor-element elementor-element-94da24a elementor-section-boxed elementor-section-height-default elementor-section-height-default\" data-id=\"94da24a\" data-element_type=\"section\">\n\t\t\t\t\t\t<div class=\"elementor-container elementor-column-gap-default\">\n\t\t\t\t\t\t\t<div class=\"elementor-row\">\n\t\t\t\t\t<div class=\"elementor-column elementor-col-100 elementor-top-column elementor-element elementor-element-80cda58\" data-id=\"80cda58\" data-element_type=\"column\">\n\t\t\t<div class=\"elementor-column-wrap elementor-element-populated\">\n\t\t\t\t\t\t\t<div class=\"elementor-widget-wrap\">\n\t\t\t\t\t\t<div class=\"elementor-element elementor-element-9e3bd0d elementor-widget elementor-widget-text-editor\" data-id=\"9e3bd0d\" data-element_type=\"widget\" data-widget_type=\"text-editor.default\">\n\t\t\t\t<div class=\"elementor-widget-container\">\n\t\t\t\t\t<div class=\"elementor-text-editor elementor-clearfix\"><p>K\u00a0dispoz\u00edci\u00ed je 10 izieb s\u00a0celkovou kapacitou 28 l\u00f4\u017eok, ve\u013ek\u00e1 spolo\u010densk\u00e1 miestnos\u0165 s\u00a0detsk\u00fdm k\u00fatikom, miestnos\u0165 na romantick\u00e9 posedenie pri krbe, a\u00a0tri samostatn\u00e9 kuchynky s\u00a0potrebn\u00fdm vybaven\u00edm.<\/p><\/div>\n\t\t\t\t<\/div>\n\t\t\t\t<\/div>\n\t\t\t\t\t\t<\/div>\n\t\t\t\t\t<\/div>\n\t\t<\/div>\n\t\t\t\t\t\t\t\t<\/div>\n\t\t\t\t\t<\/div>\n\t\t<\/section>\n\t\t\t\t<section class=\"elementor-section elementor-top-section elementor-element elementor-element-47972a9 elementor-section-boxed elementor-section-height-default elementor-section-height-default\" data-id=\"47972a9\" data-element_type=\"section\">\n\t\t\t\t\t\t<div class=\"elementor-container elementor-column-gap-default\">\n\t\t\t\t\t\t\t<div class=\"elementor-row\">\n\t\t\t\t\t<div class=\"elementor-column elementor-col-25 elementor-top-column elementor-element elementor-element-63900f4\" data-id=\"63900f4\" data-element_type=\"column\">\n\t\t\t<div class=\"elementor-column-wrap\">\n\t\t\t\t\t\t\t<div class=\"elementor-widget-wrap\">\n\t\t\t\t\t\t\t\t<\/div>\n\t\t\t\t\t<\/div>\n\t\t<\/div>\n\t\t\t\t<div class=\"elementor-column elementor-col-25 elementor-top-column elementor-element elementor-element-01eb2e9\" data-id=\"01eb2e9\" data-element_type=\"column\">\n\t\t\t<div class=\"elementor-column-wrap elementor-element-populated\">\n\t\t\t\t\t\t\t<div class=\"elementor-widget-wrap\">\n\t\t\t\t\t\t<div class=\"elementor-element elementor-element-f378388 elementor-widget elementor-widget-image\" data-id=\"f378388\" data-element_type=\"widget\" data-widget_type=\"image.default\">\n\t\t\t\t<div class=\"elementor-widget-container\">\n\t\t\t\t\t<div class=\"elementor-image\">\n\t\t\t\t\t\t\t\t\t\t\t<a href=\"http:\/\/www.pudel.me\/?page_id=351\">\n\t\t\t\t\t\t\t<img width=\"1024\" height=\"683\" src=\"http:\/\/www.pudel.me\/wp-content\/uploads\/2021\/02\/Izba_3-4-5_01-1024x683.jpg\" class=\"elementor-animation-grow attachment-large size-large\" alt=\"\" loading=\"lazy\" srcset=\"http:\/\/www.pudel.me\/wp-content\/uploads\/2021\/02\/Izba_3-4-5_01-1024x683.jpg 1024w, http:\/\/www.pudel.me\/wp-content\/uploads\/2021\/02\/Izba_3-4-5_01-300x200.jpg 300w, http:\/\/www.pudel.me\/wp-content\/uploads\/2021\/02\/Izba_3-4-5_01-768x512.jpg 768w, http:\/\/www.pudel.me\/wp-content\/uploads\/2021\/02\/Izba_3-4-5_01-1536x1024.jpg 1536w\" sizes=\"(max-width: 1024px) 100vw, 1024px\" \/>\t\t\t\t\t\t\t\t<\/a>\n\t\t\t\t\t\t\t\t\t\t\t<\/div>\n\t\t\t\t<\/div>\n\t\t\t\t<\/div>\n\t\t\t\t<div class=\"elementor-element elementor-element-c1b36a6 elementor-widget elementor-widget-text-editor\" data-id=\"c1b36a6\" data-element_type=\"widget\" data-widget_type=\"text-editor.default\">\n\t\t\t\t<div class=\"elementor-widget-container\">\n\t\t\t\t\t<div class=\"elementor-text-editor elementor-clearfix\"><h4><a href=\"http:\/\/www.pudel.me\/?page_id=351\">Dvojl\u00f4\u017ekov\u00e1 izba<\/a><\/h4><\/div>\n\t\t\t\t<\/div>\n\t\t\t\t<\/div>\n\t\t\t\t\t\t<\/div>\n\t\t\t\t\t<\/div>\n\t\t<\/div>\n\t\t\t\t<div class=\"elementor-column elementor-col-25 elementor-top-column elementor-element elementor-element-d48302e\" data-id=\"d48302e\" data-element_type=\"column\">\n\t\t\t<div class=\"elementor-column-wrap elementor-element-populated\">\n\t\t\t\t\t\t\t<div class=\"elementor-widget-wrap\">\n\t\t\t\t\t\t<div class=\"elementor-element elementor-element-400ce78 elementor-widget elementor-widget-image\" data-id=\"400ce78\" data-element_type=\"widget\" data-widget_type=\"image.default\">\n\t\t\t\t<div class=\"elementor-widget-container\">\n\t\t\t\t\t<div class=\"elementor-image\">\n\t\t\t\t\t\t\t\t\t\t\t<a href=\"http:\/\/www.pudel.me\/?page_id=351\">\n\t\t\t\t\t\t\t<img width=\"1024\" height=\"683\" src=\"http:\/\/www.pudel.me\/wp-content\/uploads\/2021\/02\/Izba_6_01-1024x683.jpg\" class=\"elementor-animation-grow attachment-large size-large\" alt=\"\" loading=\"lazy\" srcset=\"http:\/\/www.pudel.me\/wp-content\/uploads\/2021\/02\/Izba_6_01-1024x683.jpg 1024w, http:\/\/www.pudel.me\/wp-content\/uploads\/2021\/02\/Izba_6_01-300x200.jpg 300w, http:\/\/www.pudel.me\/wp-content\/uploads\/2021\/02\/Izba_6_01-768x512.jpg 768w, http:\/\/www.pudel.me\/wp-content\/uploads\/2021\/02\/Izba_6_01-1536x1024.jpg 1536w\" sizes=\"(max-width: 1024px) 100vw, 1024px\" \/>\t\t\t\t\t\t\t\t<\/a>\n\t\t\t\t\t\t\t\t\t\t\t<\/div>\n\t\t\t\t<\/div>\n\t\t\t\t<\/div>\n\t\t\t\t<div class=\"elementor-element elementor-element-fe8d173 elementor-widget elementor-widget-text-editor\" data-id=\"fe8d173\" data-element_type=\"widget\" data-widget_type=\"text-editor.default\">\n\t\t\t\t<div class=\"elementor-widget-container\">\n\t\t\t\t\t<div class=\"elementor-text-editor elementor-clearfix\"><h4><a href=\"http:\/\/www.pudel.me\/?page_id=351\">\u0160tvorl\u00f4\u017ekov\u00e1 izba<\/a><\/h4><\/div>\n\t\t\t\t<\/div>\n\t\t\t\t<\/div>\n\t\t\t\t\t\t<\/div>\n\t\t\t\t\t<\/div>\n\t\t<\/div>\n\t\t\t\t<div class=\"elementor-column elementor-col-25 elementor-top-column elementor-element elementor-element-d997699\" data-id=\"d997699\" data-element_type=\"column\">\n\t\t\t<div class=\"elementor-column-wrap\">\n\t\t\t\t\t\t\t<div class=\"elementor-widget-wrap\">\n\t\t\t\t\t\t\t\t<\/div>\n\t\t\t\t\t<\/div>\n\t\t<\/div>\n\t\t\t\t\t\t\t\t<\/div>\n\t\t\t\t\t<\/div>\n\t\t<\/section>\n\t\t\t\t<section class=\"elementor-section elementor-top-section elementor-element elementor-element-36fb528 elementor-section-boxed elementor-section-height-default elementor-section-height-default\" data-id=\"36fb528\" data-element_type=\"section\">\n\t\t\t\t\t\t<div class=\"elementor-container elementor-column-gap-default\">\n\t\t\t\t\t\t\t<div class=\"elementor-row\">\n\t\t\t\t\t<div class=\"elementor-column elementor-col-100 elementor-top-column elementor-element elementor-element-f3a4669\" data-id=\"f3a4669\" data-element_type=\"column\">\n\t\t\t<div class=\"elementor-column-wrap elementor-element-populated\">\n\t\t\t\t\t\t\t<div class=\"elementor-widget-wrap\">\n\t\t\t\t\t\t<div class=\"elementor-element elementor-element-75ab781 elementor-widget-divider--view-line elementor-widget elementor-widget-divider\" data-id=\"75ab781\" data-element_type=\"widget\" data-widget_type=\"divider.default\">\n\t\t\t\t<div class=\"elementor-widget-container\">\n\t\t\t\t\t<div class=\"elementor-divider\">\n\t\t\t<span class=\"elementor-divider-separator\">\n\t\t\t\t\t\t<\/span>\n\t\t<\/div>\n\t\t\t\t<\/div>\n\t\t\t\t<\/div>\n\t\t\t\t\t\t<\/div>\n\t\t\t\t\t<\/div>\n\t\t<\/div>\n\t\t\t\t\t\t\t\t<\/div>\n\t\t\t\t\t<\/div>\n\t\t<\/section>\n\t\t\t\t<section class=\"elementor-section elementor-top-section elementor-element elementor-element-142abd8 elementor-section-boxed elementor-section-height-default elementor-section-height-default\" data-id=\"142abd8\" data-element_type=\"section\">\n\t\t\t\t\t\t<div class=\"elementor-container elementor-column-gap-default\">\n\t\t\t\t\t\t\t<div class=\"elementor-row\">\n\t\t\t\t\t<div class=\"elementor-column elementor-col-100 elementor-top-column elementor-element elementor-element-a8161c4\" data-id=\"a8161c4\" data-element_type=\"column\">\n\t\t\t<div class=\"elementor-column-wrap elementor-element-populated\">\n\t\t\t\t\t\t\t<div class=\"elementor-widget-wrap\">\n\t\t\t\t\t\t<div class=\"elementor-element elementor-element-ec098d3 elementor-widget elementor-widget-heading\" data-id=\"ec098d3\" data-element_type=\"widget\" data-widget_type=\"heading.default\">\n\t\t\t\t<div class=\"elementor-widget-container\">\n\t\t\t<h3 class=\"elementor-heading-title elementor-size-default\">AKTIVITY V OKOL\u00cd<\/h3>\t\t<\/div>\n\t\t\t\t<\/div>\n\t\t\t\t\t\t<\/div>\n\t\t\t\t\t<\/div>\n\t\t<\/div>\n\t\t\t\t\t\t\t\t<\/div>\n\t\t\t\t\t<\/div>\n\t\t<\/section>\n\t\t\t\t<section class=\"elementor-section elementor-top-section elementor-element elementor-element-74ce5c6 elementor-section-boxed elementor-section-height-default elementor-section-height-default\" data-id=\"74ce5c6\" data-element_type=\"section\">\n\t\t\t\t\t\t<div class=\"elementor-container elementor-column-gap-default\">\n\t\t\t\t\t\t\t<div class=\"elementor-row\">\n\t\t\t\t\t<div class=\"elementor-column elementor-col-33 elementor-top-column elementor-element elementor-element-d5e8ca1\" data-id=\"d5e8ca1\" data-element_type=\"column\">\n\t\t\t<div class=\"elementor-column-wrap elementor-element-populated\">\n\t\t\t\t\t\t\t<div class=\"elementor-widget-wrap\">\n\t\t\t\t\t\t<div class=\"elementor-element elementor-element-f023312 elementor-widget elementor-widget-image\" data-id=\"f023312\" data-element_type=\"widget\" data-widget_type=\"image.default\">\n\t\t\t\t<div class=\"elementor-widget-container\">\n\t\t\t\t\t<div class=\"elementor-image\">\n\t\t\t\t\t\t\t\t\t\t\t<a href=\"http:\/\/www.pudel.me\/?page_id=58\">\n\t\t\t\t\t\t\t<img width=\"757\" height=\"426\" src=\"http:\/\/www.pudel.me\/wp-content\/uploads\/2021\/02\/uploads-images-atrakcie-prirodne-janosikovediery-jpg-crop-757x426-1.jpg\" class=\"elementor-animation-grow attachment-large size-large\" alt=\"\" loading=\"lazy\" srcset=\"http:\/\/www.pudel.me\/wp-content\/uploads\/2021\/02\/uploads-images-atrakcie-prirodne-janosikovediery-jpg-crop-757x426-1.jpg 757w, http:\/\/www.pudel.me\/wp-content\/uploads\/2021\/02\/uploads-images-atrakcie-prirodne-janosikovediery-jpg-crop-757x426-1-300x169.jpg 300w, http:\/\/www.pudel.me\/wp-content\/uploads\/2021\/02\/uploads-images-atrakcie-prirodne-janosikovediery-jpg-crop-757x426-1-24x14.jpg 24w, http:\/\/www.pudel.me\/wp-content\/uploads\/2021\/02\/uploads-images-atrakcie-prirodne-janosikovediery-jpg-crop-757x426-1-36x20.jpg 36w, http:\/\/www.pudel.me\/wp-content\/uploads\/2021\/02\/uploads-images-atrakcie-prirodne-janosikovediery-jpg-crop-757x426-1-48x27.jpg 48w\" sizes=\"(max-width: 757px) 100vw, 757px\" \/>\t\t\t\t\t\t\t\t<\/a>\n\t\t\t\t\t\t\t\t\t\t\t<\/div>\n\t\t\t\t<\/div>\n\t\t\t\t<\/div>\n\t\t\t\t<div class=\"elementor-element elementor-element-e790701 elementor-widget elementor-widget-text-editor\" data-id=\"e790701\" data-element_type=\"widget\" data-widget_type=\"text-editor.default\">\n\t\t\t\t<div class=\"elementor-widget-container\">\n\t\t\t\t\t<div class=\"elementor-text-editor elementor-clearfix\"><h4><a href=\"http:\/\/www.pudel.me\/?page_id=58\">Turistika<\/a><\/h4><\/div>\n\t\t\t\t<\/div>\n\t\t\t\t<\/div>\n\t\t\t\t\t\t<\/div>\n\t\t\t\t\t<\/div>\n\t\t<\/div>\n\t\t\t\t<div class=\"elementor-column elementor-col-33 elementor-top-column elementor-element elementor-element-07be4c8\" data-id=\"07be4c8\" data-element_type=\"column\">\n\t\t\t<div class=\"elementor-column-wrap elementor-element-populated\">\n\t\t\t\t\t\t\t<div class=\"elementor-widget-wrap\">\n\t\t\t\t\t\t<div class=\"elementor-element elementor-element-6af6b2a elementor-widget elementor-widget-image\" data-id=\"6af6b2a\" data-element_type=\"widget\" data-widget_type=\"image.default\">\n\t\t\t\t<div class=\"elementor-widget-container\">\n\t\t\t\t\t<div class=\"elementor-image\">\n\t\t\t\t\t\t\t\t\t\t\t<a href=\"http:\/\/www.pudel.me\/?page_id=58\">\n\t\t\t\t\t\t\t<img width=\"300\" height=\"180\" src=\"http:\/\/www.pudel.me\/wp-content\/uploads\/2021\/02\/bela-lezecka-oblast-e1493377047567-300x180.jpg\" class=\"elementor-animation-grow attachment-medium size-medium\" alt=\"\" loading=\"lazy\" srcset=\"http:\/\/www.pudel.me\/wp-content\/uploads\/2021\/02\/bela-lezecka-oblast-e1493377047567-300x180.jpg 300w, http:\/\/www.pudel.me\/wp-content\/uploads\/2021\/02\/bela-lezecka-oblast-e1493377047567-1024x614.jpg 1024w, http:\/\/www.pudel.me\/wp-content\/uploads\/2021\/02\/bela-lezecka-oblast-e1493377047567-768x461.jpg 768w, http:\/\/www.pudel.me\/wp-content\/uploads\/2021\/02\/bela-lezecka-oblast-e1493377047567-24x14.jpg 24w, http:\/\/www.pudel.me\/wp-content\/uploads\/2021\/02\/bela-lezecka-oblast-e1493377047567-36x22.jpg 36w, http:\/\/www.pudel.me\/wp-content\/uploads\/2021\/02\/bela-lezecka-oblast-e1493377047567-48x29.jpg 48w, http:\/\/www.pudel.me\/wp-content\/uploads\/2021\/02\/bela-lezecka-oblast-e1493377047567.jpg 1280w\" sizes=\"(max-width: 300px) 100vw, 300px\" \/>\t\t\t\t\t\t\t\t<\/a>\n\t\t\t\t\t\t\t\t\t\t\t<\/div>\n\t\t\t\t<\/div>\n\t\t\t\t<\/div>\n\t\t\t\t<div class=\"elementor-element elementor-element-bdd3f25 elementor-widget elementor-widget-text-editor\" data-id=\"bdd3f25\" data-element_type=\"widget\" data-widget_type=\"text-editor.default\">\n\t\t\t\t<div class=\"elementor-widget-container\">\n\t\t\t\t\t<div class=\"elementor-text-editor elementor-clearfix\"><h4><a href=\"http:\/\/www.pudel.me\/?page_id=58\">Horolezectvo<\/a><\/h4><\/div>\n\t\t\t\t<\/div>\n\t\t\t\t<\/div>\n\t\t\t\t\t\t<\/div>\n\t\t\t\t\t<\/div>\n\t\t<\/div>\n\t\t\t\t<div class=\"elementor-column elementor-col-33 elementor-top-column elementor-element elementor-element-47aecd5\" data-id=\"47aecd5\" data-element_type=\"column\">\n\t\t\t<div class=\"elementor-column-wrap elementor-element-populated\">\n\t\t\t\t\t\t\t<div class=\"elementor-widget-wrap\">\n\t\t\t\t\t\t<div class=\"elementor-element elementor-element-75d18da elementor-widget elementor-widget-image\" data-id=\"75d18da\" data-element_type=\"widget\" data-widget_type=\"image.default\">\n\t\t\t\t<div class=\"elementor-widget-container\">\n\t\t\t\t\t<div class=\"elementor-image\">\n\t\t\t\t\t\t\t\t\t\t\t<a href=\"http:\/\/www.pudel.me\/?page_id=58\">\n\t\t\t\t\t\t\t<img width=\"1024\" height=\"576\" src=\"http:\/\/www.pudel.me\/wp-content\/uploads\/2021\/02\/skialp-mala-fatra-hrebenovka-zo-sucheho-vrchu-1024x576.jpg\" class=\"elementor-animation-grow attachment-large size-large\" alt=\"\" loading=\"lazy\" srcset=\"http:\/\/www.pudel.me\/wp-content\/uploads\/2021\/02\/skialp-mala-fatra-hrebenovka-zo-sucheho-vrchu-1024x576.jpg 1024w, http:\/\/www.pudel.me\/wp-content\/uploads\/2021\/02\/skialp-mala-fatra-hrebenovka-zo-sucheho-vrchu-300x169.jpg 300w, http:\/\/www.pudel.me\/wp-content\/uploads\/2021\/02\/skialp-mala-fatra-hrebenovka-zo-sucheho-vrchu-768x432.jpg 768w, http:\/\/www.pudel.me\/wp-content\/uploads\/2021\/02\/skialp-mala-fatra-hrebenovka-zo-sucheho-vrchu-24x14.jpg 24w, http:\/\/www.pudel.me\/wp-content\/uploads\/2021\/02\/skialp-mala-fatra-hrebenovka-zo-sucheho-vrchu-36x20.jpg 36w, http:\/\/www.pudel.me\/wp-content\/uploads\/2021\/02\/skialp-mala-fatra-hrebenovka-zo-sucheho-vrchu-48x27.jpg 48w, http:\/\/www.pudel.me\/wp-content\/uploads\/2021\/02\/skialp-mala-fatra-hrebenovka-zo-sucheho-vrchu.jpg 1200w\" sizes=\"(max-width: 1024px) 100vw, 1024px\" \/>\t\t\t\t\t\t\t\t<\/a>\n\t\t\t\t\t\t\t\t\t\t\t<\/div>\n\t\t\t\t<\/div>\n\t\t\t\t<\/div>\n\t\t\t\t<div class=\"elementor-element elementor-element-dc85a4a elementor-widget elementor-widget-text-editor\" data-id=\"dc85a4a\" data-element_type=\"widget\" data-widget_type=\"text-editor.default\">\n\t\t\t\t<div class=\"elementor-widget-container\">\n\t\t\t\t\t<div class=\"elementor-text-editor elementor-clearfix\"><h4><a href=\"http:\/\/www.pudel.me\/?page_id=58\">Skialpinizmus<\/a><\/h4><\/div>\n\t\t\t\t<\/div>\n\t\t\t\t<\/div>\n\t\t\t\t\t\t<\/div>\n\t\t\t\t\t<\/div>\n\t\t<\/div>\n\t\t\t\t\t\t\t\t<\/div>\n\t\t\t\t\t<\/div>\n\t\t<\/section>\n\t\t\t\t<section class=\"elementor-section elementor-top-section elementor-element elementor-element-2243f32 elementor-section-boxed elementor-section-height-default elementor-section-height-default\" data-id=\"2243f32\" data-element_type=\"section\">\n\t\t\t\t\t\t<div class=\"elementor-container elementor-column-gap-default\">\n\t\t\t\t\t\t\t<div class=\"elementor-row\">\n\t\t\t\t\t<div class=\"elementor-column elementor-col-100 elementor-top-column elementor-element elementor-element-5a468d0\" data-id=\"5a468d0\" data-element_type=\"column\">\n\t\t\t<div class=\"elementor-column-wrap elementor-element-populated\">\n\t\t\t\t\t\t\t<div class=\"elementor-widget-wrap\">\n\t\t\t\t\t\t<div class=\"elementor-element elementor-element-06a5cdc elementor-widget-divider--view-line elementor-widget elementor-widget-divider\" data-id=\"06a5cdc\" data-element_type=\"widget\" data-widget_type=\"divider.default\">\n\t\t\t\t<div class=\"elementor-widget-container\">\n\t\t\t\t\t<div class=\"elementor-divider\">\n\t\t\t<span class=\"elementor-divider-separator\">\n\t\t\t\t\t\t<\/span>\n\t\t<\/div>\n\t\t\t\t<\/div>\n\t\t\t\t<\/div>\n\t\t\t\t\t\t<\/div>\n\t\t\t\t\t<\/div>\n\t\t<\/div>\n\t\t\t\t\t\t\t\t<\/div>\n\t\t\t\t\t<\/div>\n\t\t<\/section>\n\t\t\t\t\t\t<\/div>\n\t\t\t\t\t\t<\/div>\n\t\t\t\t\t<\/div>\n\t\t","protected":false},"excerpt":{"rendered":"<p>Dom horskej slu\u017eby sa nach\u00e1dza vo Vr\u00e1tnej doline. Dobrovo\u013en\u00ed horsk\u00ed z\u00e1chran\u00e1ri tu pon\u00fakaj\u00fa ubytovanie pre milovn\u00edkov h\u00f4r, turistov \u010di rodiny s de\u0165mi.K dispoz\u00edcii s\u00fa \u0161tyri typy izieb so spolo\u010dn\u00fdmi soci\u00e1lnymi zariadeniami, nach\u00e1dzaj\u00facimi sa na chodbe, a dvomi kuchy\u0148ami. Parkovanie pre ubytovan\u00fdch host\u00ed je v are\u00e1li Domu HS zadarmo. IZBY K\u00a0dispoz\u00edci\u00ed je 10 izieb s\u00a0celkovou kapacitou &#8230; <a title=\"Domov\" class=\"read-more\" href=\"http:\/\/www.pudel.me\/\" aria-label=\"More on Domov\">Read more<\/a><\/p>\n","protected":false},"author":1,"featured_media":0,"parent":0,"menu_order":0,"comment_status":"closed","ping_status":"open","template":"elementor_header_footer","meta":[],"_links":{"self":[{"href":"http:\/\/www.pudel.me\/index.php?rest_route=\/wp\/v2\/pages\/4"}],"collection":[{"href":"http:\/\/www.pudel.me\/index.php?rest_route=\/wp\/v2\/pages"}],"about":[{"href":"http:\/\/www.pudel.me\/index.php?rest_route=\/wp\/v2\/types\/page"}],"author":[{"embeddable":true,"href":"http:\/\/www.pudel.me\/index.php?rest_route=\/wp\/v2\/users\/1"}],"replies":[{"embeddable":true,"href":"http:\/\/www.pudel.me\/index.php?rest_route=%2Fwp%2Fv2%2Fcomments&post=4"}],"version-history":[{"count":95,"href":"http:\/\/www.pudel.me\/index.php?rest_route=\/wp\/v2\/pages\/4\/revisions"}],"predecessor-version":[{"id":583,"href":"http:\/\/www.pudel.me\/index.php?rest_route=\/wp\/v2\/pages\/4\/revisions\/583"}],"wp:attachment":[{"href":"http:\/\/www.pudel.me\/index.php?rest_route=%2Fwp%2Fv2%2Fmedia&parent=4"}],"curies":[{"name":"wp","href":"https:\/\/api.w.org\/{rel}","templated":true}]}}